 - 7*g**2 + 5*g**2 + 0*g**2 + g. What is m(-2)?
6
Let d(q) = 0*q**2 + 4*q**2 - 5*q**2 + q + 0*q**2. Let s be 0/(2/(-4)*-2). What is d(s)?
0
Let y(t) = 2*t - 11. Let h(b) = -1. Let v(c) = 66*h(c) - 6*y(c). What is v(-1)?
12
Let b(x) = -x + 15. Let q(f) = f - 16. Let h(n) = -3*b(n) - 2*q(n). What is h(0)?
-13
Let r(p) = 15*p - 2*p - 6 - 12*p - 6. Let v be (-10)/(-4)*(1 - -1). Determine r(v).
-7
Let b(m) be the first derivative of -2*m**3 + m**2/2 + 1. Let n(j) = j**3 + j**2. Let q be n(-2). Let f be ((-36)/(-16) + -2)*q. Determine b(f).
-7
Let m(u) be the first derivative of u**3/3 - 2*u**2 - 1. Give m(5).
5
Let w(h) = -4*h + 6. Let p be 28 - (1 + 2 - 1). Let f(y) = y + 4. Let j be f(-4). Suppose j*m - 4*m + 4*g - 4 = 0, 2*g = -4*m + p. Calculate w(m).
-10
Let g(x) be the third derivative of x**5/60 + x**4/3 + x**3 - 5*x**2. Give g(-6).
-6
Let j(f) = 8*f**3 + 2*f**2 + f. Suppose -4*u - 15 = -3. Let i = 4 - 4. Let h be 0 + i + u + 2. Calculate j(h).
-7
Let g(j) be the first derivative of -j**2/2 - 6*j - 1. Let h(m) = -3*m - 2*m - 2*m**2 + m**3 + 2*m. Let i be h(3). What is g(i)?
-6
Let h(b) = -b**3 - 4*b**2 - b - 1. Let i = -32 + 29. Calculate h(i).
-7
Let g be (1 + -1)/(1*-2). Let m(l) be the third derivative of -1/24*l**4 - 3*l**2 - 1/60*l**5 + 0 + 5/6*l**3 + 0*l. What is m(g)?
5
Let i(w) = -2*w**2 + 6*w + 8. Let h(k) be the second derivative of -k**4/12 + k**2/2 + 7*k. Let o(b) = -3*h(b) + i(b). Give o(-6).
5
Let k(z) = 45*z - 91*z + 53*z. Suppose 4*l = w + 16, 2*l + w - 18 = 4*w. Suppose 3 = l*y - 0. Determine k(y).
7
Let f be (-72)/(-8) + -1 + 1. Let j(v) = v - 3. Determine j(f).
6
Let g = 4 + -1. Let f = g + -6. Let c(k) = k**3 + 4*k**2 + 3*k + 1. What is c(f)?
1
Let k(p) = 3*p - 4. Let c be k(3). Let d(b) = -5*b**2 + b**3 - 5*b + 4 + b**2 - 1. What is d(c)?
3
Suppose 0*n + 3 = 3*n, -5*g + 4*n = 4. Let x(m) = 39*m**3 - 19*m**3 - 21*m**3 + 1. What is x(g)?
1
Let j(u) = u + 1. Let k be j(4). Let v(n) = -n + 7. Let p be v(k). Suppose 4*a + 4 = 3*s, p*a - 3*s - 16 = 3*a. Let z(y) = -y**2 - 2*y + 3. Give z(a).
-5
Let w(n) = n**3 + n**2 + n + 9. Let h = 6 - 7. Let j = 0 - h. Let b = j - 1. Determine w(b).
9
Let w(l) be the first derivative of 5*l**2/2 + l - 8. Suppose 4*r - 4 = -0. Give w(r).
6
Let j(n) = 3*n**3 - 2*n**2 - 5*n + 2. Let s(m) = -4*m**3 + m**2 + 6*m - 1. Let t(k) = 3*j(k) + 2*s(k). Calculate t(5).
14
Let f(v) = v**2 + v - 12. Let d be f(-5). Let q(k) = k**3 - 8*k**2 + k - 4. Determine q(d).
4
Let n(j) be the second derivative of -j**3/6 - j**2/2 - 4*j. Calculate n(-2).
1
Let d(b) = 6*b**2 - 3*b + 3. Let p(s) = -5*s**2 + 3*s - 2. Suppose 0 = -2*u + 7*u - 10. Let o(x) = u*d(x) + 3*p(x). Calculate o(2).
-6
Suppose -17 = -4*y + 3. Let g(r) be the second derivative of -3/2*r**2 + 1/6*r**3 + 0 + 2*r. What is g(y)?
2
Let j(l) = 5*l - 2. Let w(h) be the first derivative of 2*h**2 - h + 6. Let z(y) = 3*j(y) - 4*w(y). Determine z(5).
-7
Let w = -2 - -3. Let o = w - -1. Suppose o + 1 = z, -3*v + 12 = z. Let i(k) = -k. Calculate i(v).
-3
Let y = -12 - -17. Let z(v) = 1 - v - y*v + 0*v + 3*v. Determine z(1).
-2
Let z(o) = o**2 + 8*o + 2. Let l(y) = 2*y**2 + 17*y + 5. Suppose 4*u - u = 27. Let h(f) = u*z(f) - 4*l(f). Determine h(-5).
3
Let u(r) be the first derivative of 2*r**4 + r**3/3 + r**2/2 - 59. Give u(-1).
-8
Let d(j) = j**2 - 9*j - 13. Let z be (-2)/(-7) + (-340)/(-35). Determine d(z).
-3
Suppose i - 3 = -0. Let g(d) = i*d - 2 + 1 + 4 + 0. Calculate g(-3).
-6
Let g(m) be the third derivative of -m**6/40 + m**5/30 + m**4/3 - m**3/3 + 2*m**2. Let r(s) = s**3 + s**2 - s. Let z(w) = -g(w) - 2*r(w). Determine z(5).
-3
Let s(z) = 0*z**3 + z**2 + 7 + 0 + z**3. Suppose t = 4*m - 14, -3*m + 2*t + 3*t + 2 = 0. Suppose -m*b = b. Give s(b).
7
Let l be (-9)/(-1 - (-2)/(-4)). Let w(s) = -5*s - 2. Let i(y) = 6*y + 3. Let q(t) = 4*i(t) + 5*w(t). Calculate q(l).
-4
Let b(s) be the second derivative of 0 - s - s**3 - 3*s**2 - 1/12*s**4. Suppose -g - 2*g - 22 = 2*p, 5*p = 2*g - 17. Determine b(g).
2
Let j(l) = -2*l**2 + 2*l - 2. Suppose -q = -3*q + 4. Calculate j(q).
-6
Let k(d) = -4*d**3 + d**2. Suppose 0 = -4*z - 0*z + 8. Let p be ((-3)/(-9))/(z/6). Give k(p).
-3
Let g(s) be the third derivative of -s**5/60 - s**4/4 - s**3 - 7*s**2. What is g(-5)?
-1
Suppose 2 = 7*p - 5*p. Let t(q) = 13*q - 1 - 4*q + 2*q. What is t(p)?
10
Suppose 0 = 4*x + 10 + 6, 5*q - 4*x = 31. Let v(b) = -4*b**2 + 6*b**2 + q - 7*b**2 + 2*b - b**3. Give v(-5).
-7
Let o(y) = y**3 - 2*y**2 - 4*y - 1. Let s be o(3). Let b(g) = -g - 4. Calculate b(s).
0
Let h(j) = 3*j. Let g = 110 - 109. Give h(g).
3
Suppose 30 = -5*o + 3*k, 0*k - 29 = 3*o - 4*k. Let z(h) = -h**2 + h + 6. Let m be z(0). Let j(p) = -m*p + 6*p + 2*p + 4. Calculate j(o).
-2
Suppose 0 = 3*w + 5*d - 21, 0 = 3*w - 0*d - 5*d + 9. Let u(z) = z - 5 + 1 - w + 1. Calculate u(0).
-5
Let w(c) = -c - 4. Let x = 2 + -3. Let u be (x/(-1))/(-1 + 2). Suppose -7 + u = 2*r. What is w(r)?
-1
Let s(v) = 30 + 14 - 4*v - 44. Give s(-1).
4
Let g(i) = i**2 + 3*i + 2. Let r(q) = -3*q. Let u be r(-4). Suppose -3*n = -0 - u. Let w be 2 - 1 - 1*n. Determine g(w).
2
Let q(r) be the first derivative of 5*r**2 + 2*r + 14. Determine q(-2).
-18
Let a be -5 - -8 - (6 + 0). Let s(w) be the second derivative of w**3/6 + 3*w**2 + 4*w. Give s(a).
3
Let q(b) = -b. Let t(s) = 2*s + 3. Let w(f) = 6*q(f) + t(f). Determine w(-3).
15
Let k(d) = -2*d**3 + 2*d**2 - 13*d + 11. Let y(n) = n**3 - n**2 + 6*n - 5. Let r(t) = 4*k(t) + 9*y(t). Suppose -9 = -4*z - 1. What is r(z)?
7
Let a(l) be the second derivative of l**5/20 - l**4/3 + 5*l**3/6 - 2*l**2 - 14*l. What is a(3)?
2
Let f(n) = -7*n + 0 + 8*n - 7. Determine f(-6).
-13
Suppose 3*x - x = -n + 1, -x = -5*n - 17. Let q(r) = 0*r - 4 - x*r + 3*r. Determine q(-3).
-7
Let p(w) = w**3 - 3*w**2 + w - 4. Suppose 5*r - 12 = -2*o, -o - 2*o + 4*r = 28. Let t = o - -4. Suppose 4*h - 5 - 7 = t. Calculate p(h).
-1
Let h = -1 + 11. Let b(n) = -n + 15. Calculate b(h).
5
Let x(q) = -4*q**3 + 11*q**2 - q - 7. Let b(r) = r**3 - r**2. Let n(d) = 5*b(d) + x(d). Let f(i) = -i**3 - 4*i**2 + 7*i + 4. Let m be f(-5). Give n(m).
-1
Let u(m) = m**2 + m - 3. Let p be u(-4). Let d(y) = -3 - p*y**2 - y + y**3 + 5*y - 1 + 4*y**2. Calculate d(3).
-10
Let n(g) = 2*g + 3. Let v(d) = d**3 + 7*d**2 + 13*d + 10. Let u be v(-5). Calculate n(u).
-7
Suppose 18*j - 15*j = 24. Let s(v) = -v**3 + 9*v**2 - 8*v - 7. What is s(j)?
-7
Let d(o) = -o + 4. Let y be (-7 + 1)*(-2)/4. Let m be d(y). Let l = m + 0. Let r(b) = 5*b - 1. Determine r(l).
4
Let d(n) = n**3 + 3*n**2 + n - 2. Suppose 12 = -2*c + 6. Give d(c).
-5
Let v(r) = 4*r - r**2 + 5*r + 0*r**2 - 5*r - 1. Let i(f) = 0*f - 3*f + 4*f. Let x(m) = -5*i(m) + v(m). Calculate x(-3).
-7
Let s(b) = 4*b**3 - b**2. Let u(p) = p**3 + 7*p**2 - p - 8. Let k be u(-7). Determine s(k).
-5
Let b = -7 + 4. Let r = -7 - b. Let f(c) = -6*c**2 - 10*c - 6. Let w(v) = 5*v**2 + 9*v + 6. Let u(a) = -4*f(a) - 5*w(a). Give u(r).
-2
Let s(p) = -p**2 - 4*p + 5. Suppose -3*l + 3 = 0, -3*t - 7 - 3 = 5*l. Let j be (t/2)/((-5)/(-10)). Give s(j).
0
Let s(n) be the third derivative of -n**5/20 - n**4/24 + n**3/3 - n**2. Let b(o) be the first derivative of s(o). Let k be (2 - (0 + 3))*1. Calculate b(k).
5
Let z(y) = -y**2 + y. Let m(g) = -g**2 + 2*g - 4. Let f(p) = -m(p) + 2*z(p). Suppose -7*s - 2*b = -4*s, 0 = b. Give f(s).
4
Let v(n) be the third derivative of -7*n**4/24 + n**3/3 - 16*n**2. Determine v(-3).
23
Let w(c) = -c**2 + 132*c - 269*c + 131*c + 5. Suppose -5*d = -5, 4*g - 2*g - d = -11. Calculate w(g).
10
Suppose 60*l - 18 = 63*l. Let v(u) = u + 1. Calculate v(l).
-5
Suppose -2*h + 4*h = 0. Let z(t) be the second derivative of t + 0 - 1/2*t**3 + h*t**2. Determine z(2).
-6
Let v(c) = -c**2 - 2*c - 1. Suppose 6 - 14 = 2*f. What is v(f)?
-9
Let w(t) be the first derivative of -t**2 + 2*t - 13. Suppose h + 19 = 2*b + 2*b, 3*h - 11 = -5*b. Give w(b).
-6
Let k = -5 - -2. Let t be (-1)/(k/9)*-1. Let a(f) = f**2 + 3*f + 1. Give a(t).
1
Let d(t) = -t**2 - 6*t + 9. Let k(x) = -4*x**2 - 18*x + 28. Let v(p) = 7*d(p) - 2*k(p). Calculate v(5).
2
Suppose 34 = 3*w + 13. Let h = w + -4. Let i(o) = -h - o + 2*o - 2*o. Determine i(5).
-8
Let r(o) = -9 + 3 - 2*o + 3. Determine r(-3).
3
Let k(j) = -j - 9. Let t(h) = 2*h + 8. Let g(f) = -2*k(f) - 3*t(f